is divided by ((1 - -2)/3)/(g/2)?
1
Suppose 0 = 2*o + 227 + 33. Let n = -92 - o. Suppose -21 = -2*w + 5. Calculate the remainder when n is divided by w.
12
Let a be 1/2 - 42/(-4). Let g = a + -2. Calculate the remainder when 62 is divided by g.
8
Suppose -2 + 0 = z. What is the remainder when 612/54*(5 + z) is divided by 13?
8
Let v(s) = s**3 - 12*s**2 + 2. Let x be v(12). Suppose m = 2*m + l - 16, 16 = m + x*l. Let t = 146 - 101. Calculate the remainder when t is divided by m.
13
What is the remainder when 161/7*12 - 5 is divided by 55?
51
Let l(y) be the third derivative of -y**6/120 + 5*y**4/24 + 12*y**2. What is the remainder when l(-3) is divided by 7?
5
Let o(z) = 2*z**2 + 10*z - 21. Let c be o(-11). Let s = c - 101. What is the remainder when s is divided by 4?
2
Let b(g) = g**3 - 5*g**2 + 5*g + 1. Let o be b(4). Suppose -2*a + 36 = y, -2*y + 89 = -0*a + o*a. Calculate the remainder when 47 is divided by a.
13
Let g = -47 + 131. Calculate the remainder when g is divided by 43.
41
Let q(g) = g + 3. Let c be q(-7). Calculate the remainder when (-537)/(-12) - 1/c is divided by 8.
5
Let c = 8 - -24. Let p = c - 19. What is the remainder when p is divided by 6?
1
Let s = -2 + 81. Calculate the remainder when s is divided by 8.
7
Let z(u) = -u**3 - 6*u**2 + 2. Let w be z(-6). Suppose -2*y - a + 97 = 0, 4*a + 53 = 5*y - 157. What is the remainder when y is divided by w + -2 + 12/1?
10
Suppose 37*g + 7*g - 4180 = 0. Calculate the remainder when g is divided by 82.
13
Let m(t) = -t**3 + 3*t**2 + 4*t - 4. Let k(p) = -p - 3. Let w be k(-7). Let q be m(w). What is the remainder when 1 is divided by (-6)/q + 1/(-2)?
0
Suppose 78 + 37 = 4*l + 5*h, 64 = 2*l - 4*h. Suppose 0 = -5*n + n + 4*i, -i = 5*n - l. Calculate the remainder when n is divided by 4.
1
Let y(t) = -25*t - 199. Calculate the remainder when y(-14) is divided by 8.
7
Let n(d) = -3 - 2*d**2 + 6*d**2 + 6 - 2*d**2 + 26*d. What is the remainder when 123 is divided by n(-14)?
30
Suppose 3*f = -y + 731 + 315, -4*y = -8. Calculate the remainder when f is divided by 11.
7
Let t = 213 + -183. Calculate the remainder when 65 is divided by t.
5
Let q = -72 - -80. Let o(c) be the third derivative of c**4/4 - 2*c**3 - 2*c**2. Calculate the remainder when 107 is divided by o(q).
35
Suppose 3*p = 2*p - 26. Let u = 41 + p. Let h = -41 + 85. Calculate the remainder when h is divided by u.
14
Let a(z) = -3*z + 26. Let x be a(8). Suppose -3*m + 64 = 4*c, -x*m + 48 = 3*c - m. Calculate the remainder when c is divided by 6.
4
Let m = 1857 + -1287. What is the remainder when m is divided by 26?
24
Suppose 2*b + 3 + 1 = -2*g, 2*b - 5*g = -11. Let t(l) = -13 + l - 10 - 13 + l**2 + 38. What is the remainder when t(b) is divided by 3?
2
Let z = 954 - 932. What is the remainder when 60 is divided by z?
16
Calculate the remainder when 1161/15 - 1/((-20)/(-8)) is divided by 22.
11
Let x(n) = -n**3 - 3*n**2 + 6. Let b be (5/(-1) - 3)/(-2). Suppose 6 - 18 = b*t. Calculate the remainder when 10 is divided by x(t).
4
Suppose 4*d = d. Suppose d = 2*c + 3*c - 45. Suppose 5*q - q + 14 = -2*j, 0 = 2*j + 3*q + c. Calculate the remainder when j is divided by 3.
0
Let t(d) = -77*d - 436. What is the remainder when 176 is divided by t(-6)?
20
Suppose 0 = -2*k + 63 - 9. Let y = -7 + 11. Suppose 3 = l - y. Calculate the remainder when k is divided by l.
6
Let x = -28 + 33. Suppose -8*z + x*z = -102. Calculate the remainder when z is divided by 9.
7
Suppose 11 = w - 2*l, 2*w + l + 10 - 32 = 0. Calculate the remainder when 559 is divided by w.
9
Let z(m) = 5*m - m**2 + 3 + 0*m**3 - m**3 + 4*m**2 + m**2. Suppose -7*b - 62 + 90 = 0. Calculate the remainder when b is divided by z(5).
1
Let g = -9 + 14. Suppose 5*z = -2*i + 25, 37 = g*i + 4*z - 0*z. Calculate the remainder when 19 is divided by i.
4
Let g(x) = -x**3 + 26*x**2 + 88*x + 57. Calculate the remainder when 425 is divided by g(29).
81
Let i be 1/((-364)/(-117) - (-1 - -4)). Suppose 5*g + 48 = i*g. Calculate the remainder when 21 is divided by g.
9
Let j be -4*((-20)/8 - -2). Suppose 2*c = 2*n - 8, -j*n = -0*c + 4*c + 16. Suppose 0 = 2*w - n*w - 20. What is the remainder when w is divided by 4?
2
Let o(i) = -i**2 + 32*i + 38. What is the remainder when o(27) is divided by 35?
33
Let c = 242 + -84. What is the remainder when c is divided by 7?
4
Suppose 3*a + 14 = 65. Calculate the remainder when a is divided by 0 + 17/(68/32).
1
Suppose 344 = -94*p + 98*p. Let d = -45 + p. What is the remainder when 202 is divided by d?
38
Suppose 0 = -p - 1, 3*a + 5*p - 328 = -63. What is the remainder when 897 is divided by a?
87
Suppose -60 = 2*m + x - 265, 0 = 2*m + 5*x - 225. Let w = m + -68. Calculate the remainder when 106 is divided by w.
10
Suppose 57*d - 3320 = 33616. Calculate the remainder when d is divided by 5.
3
Suppose -3*b - p + 104 = 0, b - p = p + 44. Suppose -c = -22 - b. What is the remainder when c is divided by 31?
27
Suppose 2*w - 9 = 1. What is the remainder when -166*2*w/(-20) is divided by 21?
20
Let o(c) = 89*c + 2 - 3*c**2 + 3*c**3 + c**3 - 94*c. What is the remainder when o(3) is divided by 35?
33
Suppose -4*y = 5*p - 61, 2*p = -28 + 22. Calculate the remainder when 28 is divided by y.
9
Let k(o) = o + 16. Let m be k(-6). Suppose b - m = -3. What is the remainder when 32 is divided by b?
4
Calculate the remainder when 173 is divided by (-28 - -32)/((-3)/(-12)).
13
Suppose -3*w + 13 = 4*l, 9*l - 4*l - 2*w = -1. What is the remainder when 2 is divided by 0 + (2 + 0)/l?
0
Suppose 4*x + 5*r = 12, -15 = -5*x - r - 2*r. Suppose x*o - 185 = -2*q, -2*o = 5*q + 55 - 182. What is the remainder when o is divided by 16?
13
Let m(q) = -q**2 - 24*q - 17. Let r be m(-23). Suppose 13*s - r*s - 161 = 0. What is the remainder when 91 is divided by s?
22
What is the remainder when 81/(-135) - (-596)/10 is divided by 12?
11
Let s(g) = -12*g**3 - g**2 - g + 1. Let l(w) = -w**2 - 8*w - 7. Let q be l(-5). What is the remainder when s(-1) is divided by q*(3 - 6/3)?
5
Let s = 96 - 97. Calculate the remainder when 43 + (s - 4 - -6) is divided by 12.
8
Suppose 60 = -2*n + 268. What is the remainder when n is divided by 18?
14
Suppose -2 - 30 = -2*x. Suppose 700 = 5*b - 5*l, -3*b = -0*b - 4*l - 417. Let v = -80 + b. What is the remainder when v is divided by x?
15
Let b(v) = -11*v**3 - 3*v**2 - 2*v. What is the remainder when 137 is divided by b(-1)?
7
What is the remainder when 118 is divided by (40/(-14))/(48/(-168))?
8
Let y = 5 + -3. Let n(j) = -24*j - 11 + 2*j + 10*j - j**y. Calculate the remainder when 16 is divided by n(-10).
7
Let n = -35 + 49. Let y(u) = 4*u + 3. What is the remainder when y(5) is divided by n/(-4)*(-216)/63?
11
Let y = 115 - 72. What is the remainder when y is divided by 22?
21
Suppose d - 17*a - 27 = -12*a, -a = -3*d + 39. Calculate the remainder when 80 is divided by d.
8
Let f = 145 + -58. Suppose -9*l = -120 - f. What is the remainder when -3*(-14 + 2 + -3) is divided by l?
22
Let c = -14 + 41. Let m(x) = x + 1. Let n(v) = v**2 - 2*v + 7. Let s(p) = -3*m(p) + n(p). Calculate the remainder when c is divided by s(6).
7
Let h be (-14)/(-5) + 6/(-60)*8. Suppose 2*g + 2*g - 2*c = 24, 2*g + h*c - 18 = 0. Calculate the remainder when 10 is divided by g.
3
Let h(z) be the third derivative of -z**6/40 - z**5/10 + z**3/2 + 15*z**2. What is the remainder when h(-3) is divided by 16?
14
Suppose -60 = -38*i + 28*i. What is the remainder when 14 is divided by i?
2
Let j = -10 + 51. Suppose -3*y = -v - 4*y + 13, 3*y = 3*v - 45. What is the remainder when j is divided by v?
13
Let t = -423 - -444. Let d = 2 + 10. What is the remainder when t is divided by d?
9
Let v(b) = b**2 + b - 212. Calculate the remainder when 48 is divided by v(-16).
20
Suppose 4*g = h - 81, 3*h - 25 = -2*h. Let n = 32 + g. Calculate the remainder when n is divided by 18/45 + 66/10.
6
Suppose -3*u + 0*x + 1858 = x, -u - 5*x = -596. Calculate the remainder when u is divided by 78.
75
Let r = -8 + 14. Let t be (-1)/2 + 3/r. Let p = t - -58. What is the remainder when p is divided by 12?
10
Let n = 3273 - 3262. Let c = 0 + 7. What is the remainder when n is divided by c?
4
Calculate the remainder when 64 is divided by (2 - (-14)/5)/((-12)/(-40)).
0
Suppose -180 + 355 = 5*c. Calculate the remainder whe